 + 3*i - 14 = 0. Let r(f) = 6*f**2 + 13*f - 10. Let b(c) = 7*c**2 + 14*c - 10. Let t(j) = m*b(j) + 6*r(j). Determine t(-9).
-1
Let h(o) = o**2 + 6*o. Let k(s) = s**2 + 5*s. Let w = 28 - 24. Let g(y) = w*h(y) - 5*k(y). Let a(j) = -j - 3. Let u be a(-6). Determine g(u).
-12
Let p(d) be the third derivative of -d**5/60 - d**4/12 - d**3/2 - 792*d**2. Calculate p(-5).
-18
Let g be 1*4 + (27 - 37). Let o(h) = -h**3 - 7*h**2 - 3*h - 4. What is o(g)?
-22
Suppose 0 = 3*b - 11*b - 56. Let i(d) be the third derivative of d**5/60 + 7*d**4/24 + 2*d**3/3 + 5*d**2. Determine i(b).
4
Let s be 5/(5/(-2)) + -3. Let h(a) = a**3 + 5*a**2 + a + 3. Let t be h(s). Let i(y) be the second derivative of -y**3/3 - y**2/2 + 153*y. What is i(t)?
3
Let q(h) = -h**2 - 6*h - 4. Let o(t) = -t**3 + 4*t**2 - 2*t + 5. Let l be 3/27*6*6. Let g be o(l). What is q(g)?
5
Suppose -5 - 275 = -40*b. Let i(y) = y**3 - 7*y**2 - 8. What is i(b)?
-8
Let j(x) = 9*x**2 + x. Let k be j(1). Let d(r) be the third derivative of r**4/24 - 4*r**3/3 + 533*r**2. What is d(k)?
2
Let c(h) be the second derivative of -h**5/20 - 2*h**4/3 + h**3/2 - h**2/2 - h - 85. Give c(-8).
-25
Let o(a) = -a**3 - 6*a**2 + 7. Let t be (-28)/2 - (3 - 10). Let b(c) = -c. Let g be b(-1). Let y = t + g. Give o(y).
7
Let r = 4 - 31. Let n be (-6)/r - 4/18. Let m(q) = q**3 + q**2 + 3*q + 3. Let j(y) = -2*y**3 - 2*y**2 - 5*y - 7. Let p(k) = -4*j(k) - 7*m(k). Give p(n).
7
Let t(z) = 2*z - z - 2*z**3 + 9*z**3 + 12*z**3 + 15*z**3. Calculate t(-1).
-35
Let m(z) = 9 + 4*z - z**3 - 4*z - 6*z**2 + 2*z. Suppose 30*d - 5*b - 10 = 35*d, -4*d - 3*b = 12. Determine m(d).
-3
Let o be 3 + (-4)/(16/(-12)). Suppose 8*m - o = 5*m. Let l(b) = -2 + 0 - 6*b + b**m - 2*b + 3*b. What is l(3)?
-8
Let b be (4 + 72/(-16))*-10. Let f(m) = -m - 7. Calculate f(b).
-12
Let s(d) = -69*d - 90. Let x(p) = -10*p - 13. Let u(y) = 4*s(y) - 27*x(y). Calculate u(-2).
3
Let j be (-4)/(-12) + (-1)/3 + 2. Let v(w) = 6*w**2 - 2. Let z(t) = -5*t**2 + t + 1. Let d(g) = 3*v(g) + 4*z(g). Determine d(j).
-2
Let s(l) = 2*l**3 + 8*l**2 - 6*l - 2. Let u(p) = 3*p**3 + 16*p**2 - 12*p - 6. Let z(d) = -5*s(d) + 3*u(d). Determine z(7).
-1
Let w(c) = 1 + 90*c + 0 - 84*c. Suppose 0 = 5*j - 5*a + 2 - 12, 2*a = -4*j - 10. Determine w(j).
-5
Let x(o) be the third derivative of 0*o - 7/6*o**3 + 1/60*o**5 + 0 - 2*o**2 - 1/12*o**4. Suppose 3*m + 4*p - 23 = 0, m - 3*m + p = -8. Calculate x(m).
8
Suppose -2*m = -1 - 3. Suppose 7 = m*d + 1. Let t(n) = -d + 4 - 1 + 3 - 5*n. Give t(2).
-7
Let k(f) = 2*f**2 - 6*f + 1. Let x(v) be the second derivative of v**4/12 + v**3/6 - 13*v. Let m(j) = -k(j) - 4*x(j). Calculate m(1).
-5
Let y(a) = 6*a. Let q(f) = -f**2 + 6*f - 2. Let z be q(6). Let s be z/3 + 22/6. Suppose -2*k + 4*w = 10, s*w = 5*k + w + 1. Give y(k).
6
Suppose 43*o + 152 = -235. Let b(i) = -i - 20. Determine b(o).
-11
Suppose 0 = 3*d + 15, -d - 2 - 3 = a. Let r(x) = a - 36*x + 0 + 38*x. Determine r(-3).
-6
Suppose -6 = g - 4*v, -2*g - 15 = -3*v - 3. Let i(z) = z**2 - 2*z - 2. Determine i(g).
46
Let q(n) be the second derivative of n**5/20 + 5*n**4/12 + n**3/3 + 3*n**2 - n - 150. Suppose -2*h = -3*h - 5. Calculate q(h).
-4
Let u(x) = 13*x**2 + 3*x + 2. Let v(i) = -16*i**2 - 2*i - 3. Let m(w) = 5*u(w) + 4*v(w). Give m(-5).
-12
Let j = -12 + 14. Let v(w) = w**2 - w - 1. Let p(c) = -c**2 + 3. Let h = 2 - 1. Let b(o) = h*p(o) + 2*v(o). What is b(j)?
1
Let u be (-1)/(2/(-2))*-3. Let f(y) be the third derivative of -y**6/120 - y**5/30 + y**4/6 - y**3/6 - 1120*y**2. Calculate f(u).
-4
Let y(x) be the first derivative of -x**4/4 - 4*x**3 + 5*x + 92. What is y(-12)?
5
Let n(d) be the second derivative of d**5/20 - d**4/2 - d**3/3 + d**2 + 410*d. Give n(6).
-10
Let b(w) = -2*w - 9. Let i(f) = -f - 4. Let d(s) = 3*b(s) - 5*i(s). What is d(6)?
-13
Let o(d) be the second derivative of d**5/60 - d**4/8 - d**3/6 - 6*d**2 - 2*d. Let b(x) be the first derivative of o(x). Give b(5).
9
Let u = 438 + -437. Let p(r) be the second derivative of r**3/3 - r**2/2 - 3*r. Give p(u).
1
Let t(g) = -g**3 + 10*g**2 + 3*g - 23. Let j(k) = 5*k**2 + 2*k - 8. Let v(m) = 5*j(m) - 2*t(m). What is v(-3)?
-15
Let n(a) = -a**2 + 2*a**2 + 6*a + 2 + 0*a**2 - 11*a**2 + 9*a**2. Calculate n(6).
2
Let i(s) = 7*s**3 - 12*s**2 - 2*s - 6. Let z(m) = -m**3 + m**2 + m + 1. Let w(x) = i(x) + 6*z(x). Determine w(5).
-5
Let x(q) = q**3 + 11*q - 20*q + 7*q**2 + 11*q + 0*q**3 + 6 - 2. Calculate x(-7).
-10
Let n(d) be the second derivative of d**5/20 - d**4/4 + d**3/2 + 8*d. Suppose 3*s - 2 + 5 = 0. Let k be 10/6 - s/3. What is n(k)?
2
Let q(x) = -13*x - 5. Let a(r) = -r**2 - 52*r + 106. Let j be a(-54). Calculate q(j).
21
Let o be 5 + 1 + -1 - -1. Let w(q) = 2*q**2 + 32*q + 17. Let g(u) = -u**2 - 11*u - 8. Let v(s) = -5*g(s) - 2*w(s). What is v(o)?
-12
Let i(j) be the first derivative of -j**2/2 + j + 24. What is i(-6)?
7
Let w(n) = n**2 + 4*n - 5. Suppose 5*f + 40 = 2*p + 3*p, 3*f - 4 = -4*p. What is w(f)?
-5
Let h(z) be the third derivative of -z**5/20 - 5*z**4/12 + z**3 + 49*z**2. Give h(-4).
-2
Let b(h) = 2*h**2 + 0*h + 3*h**2 + h**3 + 5*h. Let c be b(-4). Let i(r) = 1642*r**2 - 5 + 5*r - 1641*r**2 + 8. Calculate i(c).
-1
Let l(s) = -s**2 - 7*s - 5. Let f = 45 - 50. Calculate l(f).
5
Let d(a) be the second derivative of a**5/20 + a**4/12 - a**3/6 + 5*a**2/2 - 6*a. Let f(k) = -22*k - 44. Let c be f(-2). Calculate d(c).
5
Let d(g) = g**2 + 13*g + 11. Let t be d(-9). Let n = t + 25. Let x(m) = -m + 5. Give x(n).
5
Let u(g) = -60*g**3 + 9*g - 7*g**2 + g + 61*g**3. What is u(5)?
0
Let j(b) = 5*b + 3. Let h(i) = 14*i + 8. Let q(l) = 4*h(l) - 11*j(l). Let m(f) = -2*f + 16. Let s be m(9). Give q(s).
-3
Let s(c) be the first derivative of c**5/30 + c**4/12 - c**3/6 + c**2/2 - 16. Let z(y) be the second derivative of s(y). Give z(1).
3
Let w = -6 + 2. Let n(m) be the first derivative of -31 - 3*m - 1/2*m**2. Give n(w).
1
Let f(d) be the third derivative of -5*d**4/12 + 2*d**3/3 - 3*d**2 + 17*d. Give f(4).
-36
Suppose -4*l + l = -3, -l = 5*f - 41. Suppose -2*g + 4 = f. Let r(w) = -w**3 - w**2 + 4*w + 3. What is r(g)?
-1
Let s(q) = 5*q - 7. Let m(o) = -6*o + 8. Let y(v) = -4*m(v) - 5*s(v). Calculate y(-12).
15
Let z(m) = m**2 + 5. Let l be z(0). Let x(g) = -17*g**2 - g - 5. Let i(d) = -20*d**2 - d - 6. Let o(u) = -6*i(u) + 7*x(u). Determine o(l).
21
Let t(q) = 4*q**2 + 7*q - 6. Let g(n) = -5*n**2 - 7*n + 7. Let o(p) = -3*g(p) - 4*t(p). Let v = 73 - 29. Let w be 18/(-27) + v/(-6). Calculate o(w).
-5
Let w(x) = 9*x - 10*x + 3 + 0 + 0*x. Determine w(3).
0
Let j(p) = p**2 + 8*p + 8. Suppose 4*r + 186 = -6*s + s, 5*r = -20. Let a = s + 28. Give j(a).
-4
Let k(s) = -685*s**2 - s + 4*s - 7 + 1445*s**2 - 759*s**2. Let r(x) = x**3 - x - 5. Let g be r(0). Calculate k(g).
3
Let h(p) be the second derivative of p**5/60 - p**4/24 + p**3/3 + 11*p**2/2 - 11*p. Let q(i) be the first derivative of h(i). Give q(-2).
8
Let j(u) = -5*u**3 - 8*u**2 - 9*u + 9. Let b(r) = -9*r**3 - 14*r**2 - 17*r + 16. Let o(g) = -6*b(g) + 11*j(g). Determine o(-5).
13
Let r(n) = -n**3 + 6*n**2 - 7*n + 4. Let d = -186 + 188. Calculate r(d).
6
Let k(i) = i**3 + i**2 + i + 6. Let g(z) = -17 - 13*z - 2*z**2 - 5*z**3 + 2*z**3 + 10*z. Let r(b) = 3*g(b) + 8*k(b). Give r(3).
-15
Let w(o) = o**2 - 6*o + 5. Let x(p) = -13 - 2*p**3 - 2*p**3 - 10*p + 5*p**3 + 8*p**2 - p. Let z be x(-9). Calculate w(z).
0
Let i(n) be the second derivative of n**6/120 + n**5/40 + 7*n**4/4 - 8*n. Let v(x) be the third derivative of i(x). Let c be (1/2)/(2/(-8)). What is v(c)?
-9
Let w = 2 - 8. Let i = 21 + -10. Let r(d) = -3*d - 19. Let b(y) = y + 6. Let f(g) = i*b(g) + 4*r(g). Determine f(w).
-4
Let x(p) = -532 + 264 + 24*p**2 + p + 267 - p. Give x(1).
23
Let w(o) = -14*o + 0*o - 13*o**2 + 2 - 5 + o**3 + 2. Let x(p) = p**3 - 12*p**2 - 13*p - 2. Let k(u) = -6*w(u) + 7*x(u). Determine k(7).
-8
Let y(l) = -2*l - 5. Let q be y(3). Let n(p) = -7*p - 11. Let u(w) = -13*w - 22. Let o(t) = q*n(t) + 6*u(t). Give o(-5).
-6
Suppose -4*u - u + 4*d - 19 = 0, -u + 5*d + 13 = 0. Let j(k) = -9*k - 1. Let o(i) = -17*i + 2. Let t(x) = -2*j(x) + o(x). Determine t(u).
-3
Let i = 6 + -4. Let o(j) = 25*j + 51. Let v(b) = 9*b + 18. Let f(u) = -6*o(u) + 17*v(u). Give f(i).
6
Let a(v) = 22*v - 4. Let m(n) = 19*n - 3. Let g(u) = 6*a(u) - 7